s divided by 513?
509
What is the remainder when 13768 is divided by 85?
83
What is the remainder when 13089 is divided by 872?
9
What is the remainder when 23546 is divided by 139?
55
Calculate the remainder when 234671 is divided by 21.
17
Calculate the remainder when 2452 is divided by 53.
14
What is the remainder when 246090 is divided by 83?
78
Calculate the remainder when 415759 is divided by 2132.
19
What is the remainder when 181121 is divided by 5326?
37
What is the remainder when 5397 is divided by 445?
57
What is the remainder when 1337501 is divided by 37?
25
Calculate the remainder when 1624931 is divided by 2677.
2669
What is the remainder when 14707 is divided by 864?
19
Calculate the remainder when 38157 is divided by 974.
171
Calculate the remainder when 8127 is divided by 2019.
51
What is the remainder when 296 is divided by 73?
4
What is the remainder when 43509 is divided by 120?
69
What is the remainder when 29269 is divided by 89?
77
What is the remainder when 3667 is divided by 914?
11
What is the remainder when 1073 is divided by 357?
2
Calculate the remainder when 14300 is divided by 46.
40
Calculate the remainder when 29559 is divided by 9849.
12
Calculate the remainder when 441749 is divided by 750.
749
What is the remainder when 8768 is divided by 102?
98
What is the remainder when 1632959 is divided by 243?
242
Calculate the remainder when 67235 is divided by 33597.
41
Calculate the remainder when 127071 is divided by 406.
399
What is the remainder when 114013 is divided by 62?
57
Calculate the remainder when 926 is divided by 8.
6
What is the remainder when 431898 is divided by 98?
12
What is the remainder when 213219 is divided by 53288?
67
What is the remainder when 1495 is divided by 579?
337
Calculate the remainder when 1151 is divided by 19.
11
Calculate the remainder when 2844714 is divided by 878.
872
What is the remainder when 155401 is divided by 77680?
41
Calculate the remainder when 10665 is divided by 227.
223
Calculate the remainder when 979 is divided by 116.
51
What is the remainder when 685595 is divided by 519?
515
What is the remainder when 710 is divided by 23?
20
What is the remainder when 1947 is divided by 967?
13
What is the remainder when 88155 is divided by 1959?
0
Calculate the remainder when 30220 is divided by 23.
21
What is the remainder when 102438 is divided by 3658?
14
What is the remainder when 30725 is divided by 260?
45
Calculate the remainder when 74386 is divided by 87.
1
What is the remainder when 115114 is divided by 72?
58
What is the remainder when 56602 is divided by 318?
316
What is the remainder when 31680 is divided by 5230?
300
Calculate the remainder when 527351 is divided by 172.
171
What is the remainder when 18841 is divided by 47?
41
What is the remainder when 223549 is divided by 223514?
35
Calculate the remainder when 184448 is divided by 86.
64
What is the remainder when 22165 is divided by 1574?
129
What is the remainder when 33465 is divided by 24?
9
Calculate the remainder when 37344 is divided by 90.
84
Calculate the remainder when 24279 is divided by 426.
423
Calculate the remainder when 62156 is divided by 20692.
80
Calculate the remainder when 141537 is divided by 14.
11
Calculate the remainder when 693421 is divided by 231139.
4
Calculate the remainder when 31429 is divided by 15559.
311
Calculate the remainder when 161614 is divided by 111.
109
Calculate the remainder when 4708 is divided by 617.
389
What is the remainder when 6271 is divided by 570?
1
Calculate the remainder when 14251 is divided by 728.
419
Calculate the remainder when 20658 is divided by 10104.
450
What is the remainder when 8568 is divided by 2856?
0
What is the remainder when 51617 is divided by 187?
5
What is the remainder when 49030 is divided by 329?
9
Calculate the remainder when 36244 is divided by 63.
19
What is the remainder when 17291 is divided by 94?
89
Calculate the remainder when 50042 is divided by 16607.
221
What is the remainder when 98026 is divided by 778?
776
Calculate the remainder when 244972 is divided by 2.
0
What is the remainder when 2736912 is divided by 14?
10
Calculate the remainder when 27839 is divided by 87.
86
Calculate the remainder when 48226 is divided by 12.
10
What is the remainder when 273 is divided by 10?
3
What is the remainder when 23936 is divided by 21?
17
Calculate the remainder when 840 is divided by 174.
144
Calculate the remainder when 325959 is divided by 126.
123
What is the remainder when 7127 is divided by 2370?
17
What is the remainder when 314791 is divided by 89?
87
Calculate the remainder when 250551 is divided by 3631.
12
Calculate the remainder when 100364 is divided by 91.
82
What is the remainder when 151466 is divided by 294?
56
Calculate the remainder when 1892796 is divided by 1352.
1348
What is the remainder when 316 is divided by 276?
40
What is the remainder when 748 is divided by 681?
67
What is the remainder when 171948 is divided by 873?
840
Calculate the remainder when 373 is divided by 348.
25
What is the remainder when 294 is divided by 27?
24
What is the remainder when 1372923 is divided by 28?
27
What is the remainder when 1954 is divided by 95?
54
Calculate the remainder when 57931 is divided by 984.
859
Calculate the remainder when 9803 is divided by 64.
11
Calculate the remainder when 1979 is divided by 688.
603
Calculate the remainder when 5700 is divided by 1317.
432
Calculate the remainder when 29332 is divided by 1370.
562
What is the remainder when 41667 is divided by 10404?
51
Calculate the remainder when 11244 is divided by 878.
708
Calculate the remainder when 3162 is divided by 135.
57
Calculate the remainder when 215249 is divided by 10.
9
Calculate the remainder when 56332 is divided by 14081.
8
Calculate the remainder when 6070 is divided by 678.
646
What is the remainder when 39424 is divided by 1125?
49
Calculate the remainder when 505264 is divided by 163.
127
What is the remainder when 2509 is divided by 65?
39
Calculate the remainder when 225 is divided by 83.
59
What is the remainder when 1699 is divided by 650?
399
Calculate the remainder when 4376 is divided by 46.
6
Calculate the remainder when 157927 is divided by 78963.
1
What is the remainder when 4245 is divided by 476?
437
Calculate the remainder when 85805 is divided by 378.
377
What is the remainder when 82584 is divided by 46?
14
Calculate the remainder when 714488 is divided by 221.
216
What is the remainder when 27979 is divided by 506?
149
Calculate the remainder when 5297 is divided by 283.
203
What is the remainder when 35479 is divided by 11812?
43
Calculate the remainder when 39266 is divided by 3.
2
What is the remainder when 5879 is divided by 1949?
32
What is the remainder when 3792510 is divided by 22?
18
Calculate the remainder when 7047 is divided by 243.
0
Calculate the remainder when 45010 is divided by 148.
18
Calculate the remainder when 1546 is divided by 764.
18
What is the remainder when 6883 is divided by 625?
8
What is the remainder when 7656374 is divided by 15?
14
Calculate the remainder when 7229 is divided by 133.
47
Calculate the remainder when 520195 is divided by 1018.
1015
Calculate the remainder when 33487 is divided by 435.
427
What is the remainder when 4113268 is divided by 90?
88
Calculate the remainder when 4867 is divided by 404.
19
Calculate the remainder when 48425 is divided by 24210.
5
What is the remainder when 988 is divided by 35?
8
What is the remainder when 608 is divided by 7?
6
What is the remainder when 44935 is divided by 11207?
107
Calculate the remainder when 344563 is divided by 344562.
1
What is the remainder when 7285727 is divided by 48?
47
Calculate the remainder when 27480 is divided by 3922.
26
What is the remainder when 64358 is divided by 102?
98
Calculate the remainder when 60927 is divided by 15227.
19
What is the remainder when 266763 is divided by 31?
8
What is the remainder when 135874 is divided by 43?
37
Calculate the remainder when 48527 is divided by 211.
208
What is the remainder when 118315 is divided by 9?
1
Calculate the remainder when 3450759 is divided by 8.
7
Calculate the remainder when 152115 is divided by 486.
483
Calculate the remainder when 2